 + -98. Suppose -r + 5*j = -55, 2*j - 176 = -4*r - 0*j. Calculate the remainder when r is divided by v.
13
Let q = 47 + -37. Suppose 2*z = -2*z + 12. Suppose 0 = z*j - 3, -3*s + 5*j - 2*j = -144. Calculate the remainder when s is divided by q.
9
Let c = 608 + -488. What is the remainder when c is divided by 31?
27
Let l = -4 - -7. Let t = -31 - 6. Let k = -31 - t. What is the remainder when k is divided by l?
0
Suppose 5*m - 740 = 4*n, -7*m + 2*m + 765 = n. Suppose -2*g + 2*c + m = -0*g, 4*g - 2*c = 306. What is the remainder when g is divided by 20?
17
Let o be 8/(-36)*3*18/(-4). Suppose -o*d + d + 2*x = -68, 5*x = 3*d - 96. Calculate the remainder when 147 is divided by d.
36
Suppose -19*w = -24*w + 105. What is the remainder when w is divided by 12?
9
Suppose -14*p = -21*p + 119. What is the remainder when 198 is divided by p?
11
Let q(x) = 3*x**2 - 10*x + 5. Let a be q(-7). Suppose a + 123 = 5*w. What is the remainder when w is divided by 24?
21
Suppose 8 + 2 = -b + 5*y, 32 = 2*b + 3*y. What is the remainder when b is divided by 9 + -8 - (1 + 0)*-3?
2
Let d(i) be the first derivative of -2*i**2 - 43*i - 21. Calculate the remainder when d(-13) is divided by 5.
4
Suppose -12*s + 290 = -34. What is the remainder when s is divided by 3?
0
Let u(g) = 9*g**2 + 6*g - 5. Let t(z) = -z**2 - 2*z + 2. Let j be t(0). What is the remainder when u(j) is divided by 11?
10
Let i = -16 - -68. What is the remainder when i is divided by ((-5)/(140/48))/((-6)/63)?
16
What is the remainder when 158 is divided by (108/(28/7))/((-2)/(-4))?
50
Let k(f) = f**2 - 9*f + 16. Calculate the remainder when (44/12*2)/((-1)/(-15)) is divided by k(9).
14
Suppose z + 2*r - 4*r + 6 = 0, -3*z = 2*r - 14. Suppose 30 = -6*d + 16*d. What is the remainder when d is divided by z?
1
Let b = -20 + 46. Let y = 13 - b. What is the remainder when (-743)/y - (-6)/(-39) is divided by 15?
12
Suppose 4 = -0*t + 2*t, -3*o = -5*t - 47. What is the remainder when o is divided by 4 + (-4 - -2) + 8?
9
Let w = -1718 - -1785. Calculate the remainder when 190 is divided by w.
56
Suppose -h = m - 0*h - 23, -3*m + 72 = 4*h. Let r be ((-2)/(-4))/((-2)/(-8)). Calculate the remainder when (r/6)/((-5)/(-570)) is divided by m.
18
Suppose 63 = 2*y - 17. Suppose 212*s + y = 217*s. What is the remainder when 45 is divided by s?
5
Suppose 0*q - 5*q = 4*t - 345, -215 = -3*q - 4*t. Let v = q - 50. Calculate the remainder when v is divided by 5.
0
Let y(d) = -30*d + 5 + 38*d + 0. What is the remainder when y(3) is divided by 10?
9
Suppose 3*y + 4*t = -14 + 68, 4*t + 30 = 3*y. Calculate the remainder when (-4)/14 - (-1413)/21 is divided by y.
11
Let i = -2642 - -2739. Suppose 0 = -0*s - 2*s + 50. Calculate the remainder when i is divided by s.
22
Let q = 26 - 7. Let m(s) = -s**2 - 15*s + 21. Let c be m(-16). Suppose 3*z + 0 - 5 = 4*n, 20 = c*n. What is the remainder when q is divided by z?
5
Let s be (27/(-18))/(2/(-4)). Suppose 3*r = g - 33, 4*r = -8*g + s*g + 184. Let c = 2 + g. What is the remainder when 149 is divided by c?
35
Calculate the remainder when 1/9*-3*-357 is divided by 30.
29
Let i = -193 - -271. Calculate the remainder when i is divided by 40.
38
Suppose x + 5*o = -3*x - 20, 0 = x + 3*o + 5. Let v = 32 - 22. Let p = v + x. What is the remainder when 22 is divided by p?
2
Let n = 99 - 72. Let i(b) = b - 2. Let k be i(6). Suppose k*r - 443 = -127. Calculate the remainder when r is divided by n.
25
Suppose -4*l + m = -0*l - 70, -3*l - 2*m + 47 = 0. Suppose -l*k + 178 = 8. Calculate the remainder when 47 is divided by k.
7
Let t(d) = 15*d**2 + 18*d - 98. What is the remainder when t(5) is divided by 46?
45
Suppose -11*x = -727 + 331. Calculate the remainder when x is divided by 32.
4
Suppose -268*h = -296*h + 336. What is the remainder when 535 is divided by h?
7
Suppose -9*v + 666 = -99. What is the remainder when v is divided by 8?
5
Let i = 162 + -144. Calculate the remainder when 35 is divided by i.
17
Let l(k) = 7*k + 4. Suppose 0 = 15*i - 16*i + 27. Calculate the remainder when l(5) is divided by (3 + -2 + i)*(-2)/(-4).
11
Suppose 13*z + 288 = 2*y + 12*z, -y + 3*z = -134. Calculate the remainder when 575 is divided by y.
137
Let a(h) = h**3 + 9*h**2 - 4*h + 13. What is the remainder when a(-5) is divided by 15?
13
Let u = 542 - 183. Calculate the remainder when u is divided by 19.
17
Calculate the remainder when 316 is divided by ((-98)/49)/((-2)/20).
16
Suppose -p - 3*t = -0*p + 21, -4*p - 3*t - 102 = 0. Let q = p - -46. Let y = 31 + 5. What is the remainder when y is divided by q?
17
Let d(w) = w**3 + w**2 - w. Let u be (3/6)/(1/4). Calculate the remainder when 29 is divided by d(u).
9
Suppose 49*q = 47*q + 188. What is the remainder when q is divided by 28?
10
Suppose 68 = 2*i + 3*r, -3*i + r = -i - 60. What is the remainder when 154 is divided by i?
30
Suppose -p + 258 = -131. Let d = -188 + p. Suppose 5*c + 56 = d. What is the remainder when c is divided by 16?
13
Let o(r) = 2*r**3 - 4*r**2 - 2*r + 4. Suppose 8 = v - 55. What is the remainder when v is divided by o(3)?
15
Let f(z) = 18*z**3 + 2*z**2 + z. Let l be 1 - 3/((-12)/(-8)). Let t be f(l). Let j = 27 + t. Calculate the remainder when 25 is divided by j.
5
Suppose v - 2 = 3*x - 0*x, 4*v - 8 = 0. Suppose x = o - 218 + 71. What is the remainder when o is divided by 25?
22
Let c be 7 + 0 + 1036/(-28). Suppose -5*u + 3*b + 1461 = 0, u + u - 3*b - 588 = 0. Calculate the remainder when 31 is divided by u/18 + 5/c.
15
What is the remainder when 40 + (28/(-70) - (-24)/10) is divided by 23?
19
Suppose 0*w + 3*k - 268 = -2*w, w - 128 = -3*k. Suppose 3*a + 3*f + f = 106, -5*f + w = 4*a. What is the remainder when a is divided by 11?
8
Suppose -5 + 17 = -2*d. Suppose -3*c = 4*l - 0*c - 152, 4*c = -4*l + 152. What is the remainder when l is divided by -2*(-14)/d*-3?
10
Let i(z) = -z + 1. Let u(f) = 1. Let o(l) = -l + 5. Let r(d) = -o(d) + 5*u(d). Let h(y) = i(y) - r(y). What is the remainder when h(-7) is divided by 6?
3
What is the remainder when 7452/63 + 54/(-42) is divided by 107?
10
Suppose 77*v - 88*v + 396 = 0. What is the remainder when v is divided by 10?
6
Let b be -1 - -4 - (10 - 11). What is the remainder when 3/(9/51)*1 is divided by b/10 + (-48)/(-5)?
7
Let d be -13*9/15*5. Let l = d - -113. What is the remainder when l is divided by 16?
10
Suppose 116 = 4*y + 8. What is the remainder when y is divided by (-26)/(-4) + (-49)/(-98)?
6
Suppose -2*z + 28 = 3*l, 2*l - 3*l = 2*z - 24. Suppose -11*v + 320 = 5*v. Calculate the remainder when v is divided by z.
9
Suppose -2687 + 3173 = 9*b. Suppose -56 = -5*a + 39. Calculate the remainder when b is divided by a.
16
Let g = 33 + -15. Suppose 0 = -3*d - 15, -2*f + 7*f - 50 = 3*d. Calculate the remainder when g is divided by f.
4
Calculate the remainder when 12 is divided by 6 - ((-4)/(-16) - (-88)/32).
0
Let w = 11 + 4. Suppose -4*l + 2*q + 73 = -l, -4*q = l - w. Suppose 0 = -h + l + 25. Calculate the remainder when h is divided by 17.
14
Let o = -46 - -74. Suppose u + 0 - 8 = 0. What is the remainder when o is divided by u?
4
Suppose 3*o + 50 = 8*o. Suppose 4*i + 5*l = 71, -3*l = -l + o. What is the remainder when i is divided by 9?
6
What is the remainder when 46 is divided by ((-72)/32 + 3)*24?
10
Calculate the remainder when (-1)/15*-24*275 is divided by 26.
24
Let j(n) = n**2 - 3*n - 1. Let r(y) = -3*y**2 + 16*y - 7. Let d be r(5). Calculate the remainder when 80 is divided by j(d).
8
Let r(n) = 260*n**2 - 6*n - 6. Calculate the remainder when r(-1) is divided by 44.
40
Suppose 3*r + 0*r = 4*r. What is the remainder when (-2)/(-4)*((r - -171) + -5) is divided by 28?
27
What is the remainder when 61 is divided by -2*((-10)/(-3))/(88/(-198))?
1
Suppose 0 = -2*d - 0*k + k + 45, 3*d - 80 = 4*k. Suppose 4*b - 3*b + 3 = 0. Calculate the remainder when (b/(-3))/(1/77) is divided by d.
17
Suppose -p - c = -17, 0 = -5*p - 3*c + 43 + 52. What is the remainder when 240 is divided by p?
20
Suppose 4*m = -m. Suppose r - 3 - 2 = m. Suppose -5*g = r*p, 4*p + p - 2*g = 28. What is the remainder when 13 is divided by p?
1
Let z = -1676 + 1697. What is the remainder when (9/(-4))/((-2)/72) is divided by z?
18
Suppose 0 = 4*f + 4, 2*x - 7*x + 3*f + 943 = 0. Calculate the remainder when ((-2)/(-2))/(2